ulate a(-25).
57
Let f(o) = -2*o**2 + 4414*o - 240925. Determine f(56).
-13
Let y(k) = k**2 - 68*k + 2576. Give y(48).
1616
Let x(l) = -165979*l + 16431916. What is x(99)?
-5
Let z(k) = -22*k**2 - 628*k - 1897. Give z(-25).
53
Let t(q) = -62*q**2 + 25607*q - 384. What is t(413)?
29
Let b(x) = 8*x - 651. Give b(54).
-219
Let h(x) = 25728*x**2 + 128649*x + 46. Give h(-5).
1
Let d(z) = 3*z**2 - 125*z - 1006. Determine d(-12).
926
Let t(n) = -105156*n - 630938. Determine t(-6).
-2
Let i(l) = 4307*l - 26199. Give i(6).
-357
Let r(w) = -7579*w - 1985710. Give r(-262).
-12
Let r(v) = v**2 + 3148*v + 2464262. Determine r(-1459).
11
Let z(v) = -6*v**2 - 38231*v + 38227. Determine z(1).
-10
Let j(a) = -474*a**2 + 5221*a - 69. What is j(11)?
8
Let n(g) = -450911*g + 1803635. What is n(4)?
-9
Let y(q) = -93*q - 30192. Give y(-326).
126
Let v(s) = -47*s**3 + 328*s**2 - 439*s + 3128. Calculate v(7).
6
Let i(w) = -w**3 + 114*w**2 + 975*w + 6. Determine i(122).
-116
Let d(o) = -o**3 + 37*o**2 + 495*o - 17386. What is d(38)?
-20
Let g(j) = j**2 + 68*j - 527. Calculate g(-22).
-1539
Let m(n) = -n**2 + 10173*n + 71261. What is m(-7)?
1
Let o(d) = 25*d**2 + 528*d - 58. Give o(-21).
-121
Let i(g) = 195*g**2 - 169*g - 6. Give i(1).
20
Let t(r) = 369*r**3 - 332*r**2 + 333*r - 1. Calculate t(1).
369
Let c(z) = 105*z**2 - 105*z + 1. Give c(2).
211
Let q(y) = -2*y**3 - 192*y**2 - 78*y - 7561. Calculate q(-96).
-73
Let h(m) = -19*m**2 - 3281*m - 5487. What is h(-171)?
-15
Let z(p) = 11*p + 992. What is z(-75)?
167
Let t(w) = -6089*w - 12134. Determine t(-2).
44
Let f(o) = -4300*o - 993340. What is f(-231)?
-40
Let z(c) = -45701*c - 959901. What is z(-21)?
-180
Let r(j) = 10*j**2 - 198*j + 10. What is r(20)?
50
Let b(d) = -7*d**2 + 614*d + 2716. Calculate b(92).
-44
Let i(v) = -4872*v + 30043. What is i(6)?
811
Let z(s) = s**3 + 159*s**2 - 2373*s - 28. Give z(14).
658
Let k(g) = 2658*g - 8593. Determine k(3).
-619
Let z(b) = 264*b + 835. Determine z(-12).
-2333
Let l(p) = -3828*p - 19201. Calculate l(-5).
-61
Let w(f) = -4723*f - 1275210. Determine w(-270).
0
Let f(b) = -50011*b - 200012. Give f(-4).
32
Let u(i) = -i**2 + 45*i - 489. Calculate u(13).
-73
Let m(i) = 416*i + 32786. Give m(-80).
-494
Let j(b) = -2*b**3 - 10*b**2 + 988*b + 4988. Give j(-5).
48
Let u(a) = 5*a - 466. Give u(345).
1259
Let s(h) = 368*h - 1567. Give s(-6).
-3775
Let k(u) = u**3 - 28*u**2 + 82*u - 76. Give k(24).
-412
Let t(u) = -7*u**3 + 1154*u**2 + 179*u + 394. Calculate t(165).
2704
Let j(i) = -8*i**3 + 111*i**2 - 65*i - 171. Determine j(13).
167
Let i(o) = -o**3 - 21*o**2 - 10679*o - 202265. Determine i(-19).
-86
Let x(q) = q**3 + 397*q**2 + 21318*q - 42. What is x(-64)?
-426
Let n(t) = 2*t**2 + 154*t + 310. What is n(-73)?
-274
Let g(u) = 566*u + 3896. What is g(-8)?
-632
Let m(d) = -2*d**3 - 10*d**2 + 48*d + 47. Calculate m(-8).
47
Let k(x) = 2*x**3 + 2*x**2 + 927*x + 83. Give k(0).
83
Let s(q) = 155*q - 17513. Calculate s(117).
622
Let p(d) = 3*d**2 - 1849*d + 111900. What is p(68)?
40
Let g(l) = -3079*l - 33907. Determine g(-11).
-38
Let y(n) = n**3 - 275*n**2 + 1301*n + 13171. Calculate y(270).
-59
Let d(p) = 4*p**3 - 15*p**2 - 431*p + 1316. Determine d(3).
-4
Let x(y) = -26111*y + 861683. Calculate x(33).
20
Let y(c) = -130*c + 3717. What is y(31)?
-313
Let m(y) = 5*y**2 + 7059*y - 28324. Give m(4).
-8
Let m(n) = 570*n + 34324. Calculate m(-60).
124
Let w(c) = -230870*c + 6926097. What is w(30)?
-3
Let b(f) = -3*f**2 + 94232*f + 21258502. Determine b(-224).
6
Let j(l) = -l**2 + 201*l - 8144. Calculate j(54).
-206
Let l(r) = 2*r**2 + 8535*r - 68408. Calculate l(8).
0
Let v(g) = -139*g**2 - 854*g + 25. What is v(-5)?
820
Let c(q) = 27469*q + 796618. Calculate c(-29).
17
Let x(h) = 325176*h + 650347. Determine x(-2).
-5
Let p(h) = -h**2 + 2906*h + 190620. Determine p(-64).
540
Let p(s) = 13*s**2 + 61*s - 91. What is p(-6)?
11
Let f(p) = -9*p**3 - 5*p**2 + 367*p - 367. Give f(1).
-14
Let k(o) = 6*o**3 - 5*o**2 - 80*o + 140. Determine k(2).
8
Let g(h) = -245223*h - 2452240. Calculate g(-10).
-10
Let d(g) = -g**3 - 23*g**2 + 2620*g - 140. Determine d(41).
-304
Let h(v) = -v**3 - 151*v**2 + 4312*v - 87925. Calculate h(-178).
7
Let y(i) = -66*i - 1724. Determine y(-27).
58
Let s(w) = 2*w**3 + 256*w**2 + 21*w + 2661. Calculate s(-128).
-27
Let o(d) = 6*d**3 - 984*d**2 - 117*d + 19236. Determine o(164).
48
Let n(k) = 167*k**2 + 100*k + 327. Determine n(-3).
1530
Let n(s) = -s**3 - 125*s**2 - 1129*s + 2725. What is n(-115)?
310
Let s(a) = -260*a + 8242. What is s(30)?
442
Let n(o) = -2*o**3 - 5*o**2 + 732*o + 6561. Calculate n(-9).
1026
Let a(c) = c**2 - 281*c - 4122. Determine a(-14).
8
Let u(q) = -10*q**3 - 23341*q**2 - 48957*q + 34980. Calculate u(-2332).
0
Let i(m) = -998*m + 200598. Calculate i(201).
0
Let n(y) = 13*y**3 - 108*y**2 + 58*y - 208. What is n(8)?
0
Let o(q) = 13*q**2 + 1443*q - 28269. Determine o(17).
19
Let a(o) = o**2 - 51106*o - 664540. Determine a(-13).
7
Let g(n) = -3*n**2 - 505*n + 11797. Calculate g(22).
-765
Let s(h) = -40193*h + 161137. What is s(4)?
365
Let p(z) = -473*z - 4135. Determine p(-12).
1541
Let r(o) = 160*o + 18080. What is r(-113)?
0
Let p(c) = -30*c**2 + 9725*c - 218. Calculate p(324).
1402
Let b(j) = -3*j**3 + 51*j**2 + 382*j - 7. Give b(-5).
-267
Let l(f) = 2219*f - 19567. What is l(9)?
404
Let w(f) = -5*f**2 + 3506*f + 90778. Give w(-25).
3
Let x(s) = -50*s**2 + 10916*s + 7454. Calculate x(219).
8
Let t(o) = 34*o**2 + 344*o + 27. What is t(-10)?
-13
Let h(t) = 4*t**3 - 39*t**2 + 177*t - 1286. Determine h(7).
-586
Let z(x) = -6765*x + 47346. What is z(7)?
-9
Let u(k) = 1981*k + 8268. Calculate u(-5).
-1637
Let u(z) = -23934*z + 1483866. What is u(62)?
-42
Let i(p) = 2*p**3 - 221*p**2 - 118*p + 778. Give i(111).
1
Let b(l) = 215861*l - 1726893. Determine b(8).
-5
Let w(f) = f**2 - 1942*f - 19617. What is w(-10)?
-97
Let t(j) = -351*j**2 - 17897*j + 171. Give t(-51).
-33
Let i(u) = -1353*u - 158329. Give i(-117).
-28
Let s(d) = 59*d**3 - 74*d**2 + 148*d. Determine s(2).
472
Let g(v) = -11*v**2 - 964*v - 504. What is g(-87)?
105
Let y(i) = -318*i + 47765. Give y(149).
383
Let h(z) = 3546*z - 992888. Calculate h(280).
-8
Let f(u) = 8*u**3 + 6*u**2 + 474*u + 1872. Calculate f(-4).
-440
Let m(y) = -y**2 + 753*y + 30071. Determine m(-38).
13
Let k(w) = -306*w - 178167. What is k(-583)?
231
Let t(o) = 6*o**2 - 1285*o + 67956. What is t(119)?
7
Let o(y) = -2*y**3 + 87*y**2 + 983*y - 48701. Determine o(41).
7
Let u(z) = -2*z**2 - 1629*z - 23964. What is u(-15)?
21
Let m(h) = -180*h**2 - 1426*h + 93. What is m(-8)?
-19
Let i(m) = 8*m**3 - 224*m**2 + 215*m + 12. What is i(27)?
-15
Let g(r) = 4*r**3 + 2*r**2 + 6*r - 372. What is g(0)?
-372
Let w(z) = -925*z**2 + 241*z - 240. What is w(1)?
-924
Let l(k) = k**3 + 73*k**2 + 5498*k - 17177. Give l(3).
1
Let j(t) = 9*t**3 + 12*t**2 - 39*t + 127. What is j(6)?
2269
Let w(i) = -2*i**2 - 101*i - 527. Give w(-48).
-287
Let w(a) = 9*a**2 - 371*a + 5325. What is w(14)?
1895
Let n(l) = -2*l**3 + 4*l**2 + 55*l + 94. Give n(-2).
16
Let u(a) = a**3 + 83*a**2 - 361*a + 6959. What is u(-88)?
7
Let z(b) = -3*b**3 - 3*b**2 + 215*b + 5. Give z(-11).
1270
Let u(k) = -23*k**2 + 2070*k - 7869. Calculate u(4).
43
Let p(m) = m**3 - 22*m**2 - 183*m + 2003. What is p(27)?
707
Let o(k) = -2*k**3 + 470*k**2 + 4383*k - 67. Determine o(-9).
14
Let i(q) = -3*q**2 + 5583*q + 56128. What is i(-10)?
-2
Let f(r) = -219*r - 2022. Calculate f(-9).
-51
Let s(j) = -j**3 - 36*j**2 + 464*j - 273. Give s(-46).
-457
Let u(h) = -h**2 + 42*h - 274. What is u(36)?
-58
Let i(c) = c**2 - 3469*c - 45173. What is i(-13)?
93
Let l(m) = 85*m**2 - 17271*m + 3238. Give l(203).
-10
Let s(p) = -2893*p - 16957. Determine s(-6).
401
Let i(l) = -596*l - 43227. Calculate i(-75).
1473
Let x(f) = 2424*f + 54329. What is x(-22)?
1001
Let v(w) = w**2 - 436*w - 15411. What is v(-33)?
66
Let d(w) = 129*w - 14383. Determine d(115).
452
Let q(g) = -2*g**2 - 5704*g - 51253. What is q(-9)?
-79
Let v(q) = 24*q**2 + 55*q - 68. Give v(-6).
466
Let k(o) = 49246*o - 49234. Determine k(1).
12
Let o(q) = 17099*q + 2428041. Give o(-142).
-17
Let q(h) = 3*h**3 - 1655*h**2 + 2933*h - 100654. What is q(550)?
-4
Let z(b) = -142*b**2 + 5262*b - 285. Calculate z(37).
11
Let h(k) = -4793*k - 67095